{"id":189,"date":"2019-02-13T05:56:32","date_gmt":"2019-02-13T05:56:32","guid":{"rendered":"https:\/\/victorthemes.com\/themes\/exertion\/?page_id=189"},"modified":"2025-09-04T16:26:11","modified_gmt":"2025-09-04T16:26:11","slug":"zotz-capital","status":"publish","type":"page","link":"https:\/\/zotzcapital.com\/index.php\/zotz-capital\/","title":{"rendered":"Zotz capital"},"content":{"rendered":"<div class=\"wpb-content-wrapper\"><p>[vc_row full_width=\u00bbstretch_row_content_no_spaces\u00bb overlay_dotted=\u00bb\u00bb][vc_column][vc_single_image image=\u00bb882&#8243; img_size=\u00bbfull\u00bb alignment=\u00bbright\u00bb css=\u00bb\u00bb][\/vc_column][\/vc_row][vc_row overlay_dotted=\u00bb\u00bb css=\u00bb.vc_custom_1548995839560{margin-top: -50px !important;padding-bottom: 50px !important;}\u00bb][vc_column width=\u00bb1\/2&#8243; need_animation=\u00bbtrue\u00bb css=\u00bb.vc_custom_1755918720937{border-left-width: 50px !important;padding-right: 50px !important;}\u00bb]<div class=\"section-title-wrap  xrton-stitle-69e4cc704d431-una-empresa-en-constante-crecimiento caption-left need-bg  \"><h2 class=\"section-title\">Una empresa en constante crecimiento<\/h2><\/div>[vc_column_text css=\u00bb\u00bb]<\/p>\n<p style=\"text-align: justify;\">En 2015 dimos nuestro primer paso en el mundo inmobiliario con la adquisici\u00f3n de nuestra primera propiedad.<br \/>\nDesde entonces, ZOTZ CAPITAL ha evolucionado de forma sostenida, consolid\u00e1ndose como una empresa s\u00f3lida en fondos de inversi\u00f3n y administraci\u00f3n de bienes inmuebles.<br \/>\nCada nuevo espacio representa una visi\u00f3n: crear valor, generar oportunidades y construir futuro.[\/vc_column_text][vc_column_text css=\u00bb\u00bb]<span style=\"color: #b8b8b8;\">1.- (2025-2026) Expansi\u00f3n y Consolidaci\u00f3n local.<\/span><\/p>\n<p><span style=\"color: #b8b8b8;\">2.- (2026-2028) Levantamiento de Capital.<\/span><\/p>\n<p><span style=\"color: #b8b8b8;\">3.- (2028-2029) Desarrollo de Portafolio.<\/span><\/p>\n<p><span style=\"color: #b8b8b8;\">4.- (2029-2030) Retorno de Inversi\u00f3n.<\/span>[\/vc_column_text][\/vc_column][vc_column width=\u00bb1\/2&#8243;][vc_single_image image=\u00bb590&#8243; img_size=\u00bbfull\u00bb alignment=\u00bbcenter\u00bb css=\u00bb\u00bb][\/vc_column][\/vc_row][vc_row overlay_dotted=\u00bbtrue\u00bb row_title=\u00bbdivisiones\u00bb el_id=\u00bbdivisiones\u00bb][vc_column][vc_single_image image=\u00bb543&#8243; img_size=\u00bbfull\u00bb alignment=\u00bbcenter\u00bb css=\u00bb\u00bb][vc_empty_space]<div class=\"section-title-wrap  xrton-stitle-69e4cc704d4c3-nuestras-divisiones caption-center need-bg  \"><h2 class=\"section-title\">Nuestras Divisiones<\/h2><p>Zotz Capital es un corporativo con diferentes \u00e1reas especializadas en servicios inmobiliarios.<\/p><\/div>[\/vc_column][\/vc_row][vc_row full_width=\u00bbstretch_row_content_no_spaces\u00bb overlay_dotted=\u00bb\u00bb][vc_column][vc_images_carousel images=\u00bb548,547,546,545,544&#8243; img_size=\u00bbfull\u00bb onclick=\u00bblink_no\u00bb speed=\u00bb\u00bb slides_per_view=\u00bb5&#8243; hide_pagination_control=\u00bbyes\u00bb hide_prev_next_buttons=\u00bbyes\u00bb wrap=\u00bbyes\u00bb css=\u00bb\u00bb]<div class=\"section-title-wrap  xrton-stitle-69e4cc704d514-nuestro-equipo caption-center need-bg  \"><h2 class=\"section-title\">Nuestro Equipo<\/h2><p>Visi\u00f3n, Liderazgo y Profesionalismo. <\/p><\/div>[\/vc_column][\/vc_row][vc_row][vc_column width=\u00bb1\/5&#8243;][vc_single_image image=\u00bb935&#8243; img_size=\u00bbfull\u00bb alignment=\u00bbcenter\u00bb css_animation=\u00bbzoomIn\u00bb css=\u00bb\u00bb]<div class=\"section-title-wrap  xrton-stitle-69e4cc704d55c-c-e-o caption-center need-bg  \"><h2 class=\"section-title\">C.E.O.<\/h2><p>Chief Executive Officer<\/p><\/div>[\/vc_column][vc_column width=\u00bb1\/5&#8243;][vc_single_image image=\u00bb937&#8243; img_size=\u00bbfull\u00bb alignment=\u00bbcenter\u00bb css_animation=\u00bbzoomIn\u00bb css=\u00bb\u00bb]<div class=\"section-title-wrap  xrton-stitle-69e4cc704d5a0-c-f-o caption-center need-bg  \"><h2 class=\"section-title\">C.F.O.<\/h2><p>Chief Financial Officer<\/p><\/div>[\/vc_column][vc_column width=\u00bb1\/5&#8243;][vc_single_image image=\u00bb936&#8243; img_size=\u00bbfull\u00bb alignment=\u00bbcenter\u00bb css_animation=\u00bbzoomIn\u00bb css=\u00bb\u00bb]<div class=\"section-title-wrap  xrton-stitle-69e4cc704d5e0-c-d-o caption-center need-bg  \"><h2 class=\"section-title\">C.D.O.<\/h2><p>Chief Developement Officer<\/p><\/div>[\/vc_column][vc_column width=\u00bb1\/5&#8243;][vc_single_image image=\u00bb938&#8243; img_size=\u00bbfull\u00bb alignment=\u00bbcenter\u00bb css_animation=\u00bbzoomIn\u00bb css=\u00bb\u00bb]<div class=\"section-title-wrap  xrton-stitle-69e4cc704d61e-c-o-o caption-center need-bg  \"><h2 class=\"section-title\">C.O.O.<\/h2><p>Chief Operating Officer<\/p><\/div>[\/vc_column][vc_column width=\u00bb1\/5&#8243;][vc_single_image image=\u00bb939&#8243; img_size=\u00bbfull\u00bb alignment=\u00bbcenter\u00bb css_animation=\u00bbzoomIn\u00bb css=\u00bb\u00bb]<div class=\"section-title-wrap  xrton-stitle-69e4cc704d673-mkt caption-center need-bg  \"><h2 class=\"section-title\">MKT<\/h2><p>Marketing & Sales<\/p><\/div>[\/vc_column][\/vc_row][vc_row full_width=\u00bbstretch_row_content_no_spaces\u00bb overlay_dotted=\u00bb\u00bb css=\u00bb.vc_custom_1548823686236{padding-top: 8% !important;padding-bottom: 4% !important;background-color: #0d1721 !important;}\u00bb][vc_column]<div class=\"xrton-process xrton-lines-wrap xrton-white-lines  xrton-process-69e4cc704d6d3\">\r\n\t\t\t\t\t\t\t    \t<div class=\"xrton-vertical-lines\">\r\n\t\t\t\t\t\t\t        <div class=\"container\">\r\n\t\t\t\t\t\t\t          <div class=\"row\">\r\n\t\t\t\t\t\t\t            <div class=\"col-4\">\r\n\t\t\t\t\t\t\t              <div class=\"vertical-line\"><\/div>\r\n\t\t\t\t\t\t\t            <\/div>\r\n\t\t\t\t\t\t\t            <div class=\"col-4\">\r\n\t\t\t\t\t\t\t              <div class=\"vertical-line\"><\/div>\r\n\t\t\t\t\t\t\t            <\/div>\r\n\t\t\t\t\t\t\t            <div class=\"col-4\">\r\n\t\t\t\t\t\t\t              <div class=\"vertical-line\"><\/div>\r\n\t\t\t\t\t\t\t            <\/div>\r\n\t\t\t\t\t\t\t          <\/div>\r\n\t\t\t\t\t\t\t        <\/div>\r\n\t\t\t\t\t\t\t      <\/div>\r\n\t\t\t\t\t\t\t      <div class=\"container\"><div class=\"row\"><div class=\"col-lg-4 col-sm-6\">\r\n\t\t    \t\t\t\t\t\t\t<div class=\"process-item\">\r\n\t\t                \t\t\r\n\t\t\t\t                  <h4 class=\"process-title\">Misi\u00f3n<\/h4><p>Crear, desarrollar y gestionar soluciones inmobiliarias integrales que transformen espacios en oportunidades de vida, inversi\u00f3n y crecimiento, a trav\u00e9s de una visi\u00f3n estrat\u00e9gica, dise\u00f1o funcional y compromiso con la calidad.<\/p>\r\n\t\t\t\t              <\/div>\r\n\t\t\t\t            <\/div><div class=\"col-lg-4 col-sm-6\">\r\n\t\t    \t\t\t\t\t\t\t<div class=\"process-item\">\r\n\t\t                \t\t\r\n\t\t\t\t                  <h4 class=\"process-title\">Visi\u00f3n<\/h4><p>Ser el grupo inmobiliario referente en M\u00e9xico por su innovaci\u00f3n, solidez y capacidad para conectar personas, empresas y comunidades con espacios dise\u00f1ados para habitar, producir y trascend<\/p><div class=\"xrton-btns-group\"><a href=\"#\" target=\"_self\" class=\"xrton-btn xrton-transparent-btn\"><span><\/span><\/a><\/div>\r\n\t\t\t\t              <\/div>\r\n\t\t\t\t            <\/div><div class=\"col-lg-4 col-sm-6\">\r\n\t\t    \t\t\t\t\t\t\t<div class=\"process-item\">\r\n\t\t                \t\t\r\n\t\t\t\t                  <h4 class=\"process-title\"><a href=\"#\" target=\"_self\">Valores<\/a><\/h4><p>1. Visi\u00f3n integral\n2. Innovaci\u00f3n funcional\n3. Compromiso con la calidad\n4. Ra\u00edces s\u00f3lidas, futuro estrat\u00e9gico\n5. Cercan\u00eda y confianza<\/p><div class=\"xrton-btns-group\"><a href=\"#\" target=\"_self\" class=\"xrton-btn xrton-transparent-btn\"><span><\/span><\/a><\/div>\r\n\t\t\t\t              <\/div>\r\n\t\t\t\t            <\/div><\/div><\/div><\/div>[\/vc_column][\/vc_row][vc_row overlay_dotted=\u00bb\u00bb css=\u00bb.vc_custom_1548936351456{padding-top: 10% !important;padding-bottom: 8% !important;}\u00bb][vc_column need_animation=\u00bb\u00bb css=\u00bb.vc_custom_1551082871467{margin-bottom: 5% !important;}\u00bb offset=\u00bbvc_col-lg-6 vc_col-md-12 vc_col-xs-12&#8243;][vc_single_image image=\u00bb602&#8243; img_size=\u00bbfull\u00bb css=\u00bb\u00bb][\/vc_column][vc_column need_animation=\u00bb\u00bb offset=\u00bbvc_col-lg-6 vc_col-md-12 vc_col-xs-12&#8243;]<div class=\"section-title-wrap  xrton-stitle-69e4cc704dbad-preguntas-frecuentes caption-left no-need-bg  \"><h2 class=\"section-title\">Preguntas Frecuentes<\/h2><\/div>\r\n    <!-- Xrton Faq -->\r\n    <section class=\"xrton-faq\">\r\n      <div class=\"container\">\r\n        <div class=\"row\">\r\n          <div class=\"col-lg-12\">\r\n            <div class=\"faq-info xrton-tab-69e4cc704dc18\">\r\n\r\n              <div id=\"accordion\" class=\"accordion\">\r\n                \r\n                  <div class=\"card\">\r\n                    <div class=\"card-header\" id=\"heading-1\">\r\n                      <h5 class=\"accordion-title\">\r\n                        <a href=\"javascript:void(0);\" class=\"\" data-toggle=\"collapse\" data-target=\"#collapse-1\" aria-expanded=\"true\" aria-controls=\"#collapse-1\">\r\n                           \u00bfQu\u00e9 tipo de propiedades ofrece ZOTZ CAPITAL?                        <\/a>\r\n                      <\/h5>\r\n                    <\/div>\r\n                    <div id=\"collapse-1\" class=\"collapse  show\" aria-labelledby=\"heading-1\" data-parent=\"#accordion\">\r\n                      <div class=\"card-body\">\r\n                        <p>ZOTZ CAPITAL cuenta con un portafolio diversificado que incluye viviendas residenciales, oficinas, terrenos, naves industriales y estancias temporales. Cada propiedad responde a necesidades espec\u00edficas de inversi\u00f3n, desarrollo o uso personal.<\/p>\r\n                      <\/div>\r\n                    <\/div>\r\n                  <\/div>\r\n\r\n                \r\n                  <div class=\"card\">\r\n                    <div class=\"card-header\" id=\"heading-2\">\r\n                      <h5 class=\"accordion-title\">\r\n                        <a href=\"javascript:void(0);\" class=\"collapsed\" data-toggle=\"collapse\" data-target=\"#collapse-2\" aria-expanded=\"true\" aria-controls=\"#collapse-2\">\r\n                          \u00bfZOTZ CAPITAL solo vende propiedades o tambi\u00e9n administra?                        <\/a>\r\n                      <\/h5>\r\n                    <\/div>\r\n                    <div id=\"collapse-2\" class=\"collapse \" aria-labelledby=\"heading-2\" data-parent=\"#accordion\">\r\n                      <div class=\"card-body\">\r\n                        <p>Adem\u00e1s de comercializar inmuebles, ZOTZ CAPITAL ofrece servicios de gesti\u00f3n, operaci\u00f3n y administraci\u00f3n, especialmente en proyectos como condominios, oficinas y estancias ejecutivas.<\/p>\r\n                      <\/div>\r\n                    <\/div>\r\n                  <\/div>\r\n\r\n                \r\n                  <div class=\"card\">\r\n                    <div class=\"card-header\" id=\"heading-3\">\r\n                      <h5 class=\"accordion-title\">\r\n                        <a href=\"javascript:void(0);\" class=\"collapsed\" data-toggle=\"collapse\" data-target=\"#collapse-3\" aria-expanded=\"true\" aria-controls=\"#collapse-3\">\r\n                          \u00bfD\u00f3nde se encuentran ubicadas las propiedades?                        <\/a>\r\n                      <\/h5>\r\n                    <\/div>\r\n                    <div id=\"collapse-3\" class=\"collapse \" aria-labelledby=\"heading-3\" data-parent=\"#accordion\">\r\n                      <div class=\"card-body\">\r\n                        <p>Nuestras propiedades est\u00e1n estrat\u00e9gicamente ubicadas en zonas clave de Canc\u00fan y otras regiones en crecimiento, con excelente conectividad, servicios y potencial de plusval\u00eda.<\/p>\r\n                      <\/div>\r\n                    <\/div>\r\n                  <\/div>\r\n\r\n                \r\n                  <div class=\"card\">\r\n                    <div class=\"card-header\" id=\"heading-4\">\r\n                      <h5 class=\"accordion-title\">\r\n                        <a href=\"javascript:void(0);\" class=\"collapsed\" data-toggle=\"collapse\" data-target=\"#collapse-4\" aria-expanded=\"true\" aria-controls=\"#collapse-4\">\r\n                          \u00bfOfrecen asesor\u00eda para inversionistas?                        <\/a>\r\n                      <\/h5>\r\n                    <\/div>\r\n                    <div id=\"collapse-4\" class=\"collapse \" aria-labelledby=\"heading-4\" data-parent=\"#accordion\">\r\n                      <div class=\"card-body\">\r\n                        <p>S\u00ed. Contamos con un equipo especializado que brinda acompa\u00f1amiento estrat\u00e9gico a inversionistas, desde la selecci\u00f3n de propiedades hasta el an\u00e1lisis de rentabilidad y gesti\u00f3n operativa.<\/p>\r\n                      <\/div>\r\n                    <\/div>\r\n                  <\/div>\r\n\r\n                              <\/div>\r\n            <\/div>\r\n          <\/div>\r\n        <\/div>\r\n      <\/div>\r\n    <\/section>\r\n\r\n    [\/vc_column][\/vc_row]<\/p>\n<\/div>","protected":false},"excerpt":{"rendered":"[vc_row full_width=\u00bbstretch_row_content_no_spaces\u00bb overlay_dotted=\u00bb\u00bb][vc_column][vc_single_image image=\u00bb882&#8243; img_size=\u00bbfull\u00bb alignment=\u00bbright\u00bb css=\u00bb\u00bb][\/vc_column][\/vc_row][vc_row overlay_dotted=\u00bb\u00bb css=\u00bb.vc_custom_1548995839560{margin-top: -50px !important;padding-bottom: 50px !important;}\u00bb][vc_column width=\u00bb1\/2&#8243; need_animation=\u00bbtrue\u00bb css=\u00bb.vc_custom_1755918720937{border-left-width: 50px !important;padding-right: 50px !important;}\u00bb][vc_column_text css=\u00bb\u00bb] En 2015 dimos nuestro primer paso en el mundo inmobiliario con la adquisici\u00f3n de nuestra primera propiedad. Desde entonces, ZOTZ CAPITAL ha evolucionado de forma sostenida, consolid\u00e1ndose como una empresa s\u00f3lida en fondos de [&#8230;]","protected":false},"author":1,"featured_media":0,"parent":0,"menu_order":0,"comment_status":"closed","ping_status":"closed","template":"","meta":{"_monsterinsights_skip_tracking":false,"_monsterinsights_sitenote_active":false,"_monsterinsights_sitenote_note":"","_monsterinsights_sitenote_category":0,"footnotes":""},"class_list":["post-189","page","type-page","status-publish","hentry"],"yoast_head":"<!-- This site is optimized with the Yoast SEO plugin v27.4 - https:\/\/yoast.com\/product\/yoast-seo-wordpress\/ -->\n<title>Zotz capital - Zotz Capital<\/title>\n<meta name=\"robots\" content=\"index, follow, max-snippet:-1, max-image-preview:large, max-video-preview:-1\" \/>\n<link rel=\"canonical\" href=\"https:\/\/zotzcapital.com\/index.php\/zotz-capital\/\" \/>\n<meta property=\"og:locale\" content=\"es_ES\" \/>\n<meta property=\"og:type\" content=\"article\" \/>\n<meta property=\"og:title\" content=\"Zotz capital - Zotz Capital\" \/>\n<meta property=\"og:description\" content=\"[vc_row full_width=\u00bbstretch_row_content_no_spaces\u00bb overlay_dotted=\u00bb\u00bb][vc_column][vc_single_image image=\u00bb882&#8243; img_size=\u00bbfull\u00bb alignment=\u00bbright\u00bb css=\u00bb\u00bb][\/vc_column][\/vc_row][vc_row overlay_dotted=\u00bb\u00bb css=\u00bb.vc_custom_1548995839560{margin-top: -50px !important;padding-bottom: 50px !important;}\u00bb][vc_column width=\u00bb1\/2&#8243; need_animation=\u00bbtrue\u00bb css=\u00bb.vc_custom_1755918720937{border-left-width: 50px !important;padding-right: 50px !important;}\u00bb][vc_column_text css=\u00bb\u00bb] En 2015 dimos nuestro primer paso en el mundo inmobiliario con la adquisici\u00f3n de nuestra primera propiedad. Desde entonces, ZOTZ CAPITAL ha evolucionado de forma sostenida, consolid\u00e1ndose como una empresa s\u00f3lida en fondos de [...]\" \/>\n<meta property=\"og:url\" content=\"https:\/\/zotzcapital.com\/index.php\/zotz-capital\/\" \/>\n<meta property=\"og:site_name\" content=\"Zotz Capital\" \/>\n<meta property=\"article:modified_time\" content=\"2025-09-04T16:26:11+00:00\" \/>\n<meta name=\"twitter:card\" content=\"summary_large_image\" \/>\n<meta name=\"twitter:label1\" content=\"Tiempo de lectura\" \/>\n\t<meta name=\"twitter:data1\" content=\"3 minutos\" \/>\n<script type=\"application\/ld+json\" class=\"yoast-schema-graph\">{\"@context\":\"https:\\\/\\\/schema.org\",\"@graph\":[{\"@type\":\"WebPage\",\"@id\":\"https:\\\/\\\/zotzcapital.com\\\/index.php\\\/zotz-capital\\\/\",\"url\":\"https:\\\/\\\/zotzcapital.com\\\/index.php\\\/zotz-capital\\\/\",\"name\":\"Zotz capital - Zotz Capital\",\"isPartOf\":{\"@id\":\"https:\\\/\\\/zotzcapital.com\\\/#website\"},\"datePublished\":\"2019-02-13T05:56:32+00:00\",\"dateModified\":\"2025-09-04T16:26:11+00:00\",\"breadcrumb\":{\"@id\":\"https:\\\/\\\/zotzcapital.com\\\/index.php\\\/zotz-capital\\\/#breadcrumb\"},\"inLanguage\":\"es\",\"potentialAction\":[{\"@type\":\"ReadAction\",\"target\":[\"https:\\\/\\\/zotzcapital.com\\\/index.php\\\/zotz-capital\\\/\"]}]},{\"@type\":\"BreadcrumbList\",\"@id\":\"https:\\\/\\\/zotzcapital.com\\\/index.php\\\/zotz-capital\\\/#breadcrumb\",\"itemListElement\":[{\"@type\":\"ListItem\",\"position\":1,\"name\":\"Portada\",\"item\":\"https:\\\/\\\/zotzcapital.com\\\/\"},{\"@type\":\"ListItem\",\"position\":2,\"name\":\"Zotz capital\"}]},{\"@type\":\"WebSite\",\"@id\":\"https:\\\/\\\/zotzcapital.com\\\/#website\",\"url\":\"https:\\\/\\\/zotzcapital.com\\\/\",\"name\":\"Zotz Capital\",\"description\":\"\",\"potentialAction\":[{\"@type\":\"SearchAction\",\"target\":{\"@type\":\"EntryPoint\",\"urlTemplate\":\"https:\\\/\\\/zotzcapital.com\\\/?s={search_term_string}\"},\"query-input\":{\"@type\":\"PropertyValueSpecification\",\"valueRequired\":true,\"valueName\":\"search_term_string\"}}],\"inLanguage\":\"es\"}]}<\/script>\n<!-- \/ Yoast SEO plugin. -->","yoast_head_json":{"title":"Zotz capital - Zotz Capital","robots":{"index":"index","follow":"follow","max-snippet":"max-snippet:-1","max-image-preview":"max-image-preview:large","max-video-preview":"max-video-preview:-1"},"canonical":"https:\/\/zotzcapital.com\/index.php\/zotz-capital\/","og_locale":"es_ES","og_type":"article","og_title":"Zotz capital - Zotz Capital","og_description":"[vc_row full_width=\u00bbstretch_row_content_no_spaces\u00bb overlay_dotted=\u00bb\u00bb][vc_column][vc_single_image image=\u00bb882&#8243; img_size=\u00bbfull\u00bb alignment=\u00bbright\u00bb css=\u00bb\u00bb][\/vc_column][\/vc_row][vc_row overlay_dotted=\u00bb\u00bb css=\u00bb.vc_custom_1548995839560{margin-top: -50px !important;padding-bottom: 50px !important;}\u00bb][vc_column width=\u00bb1\/2&#8243; need_animation=\u00bbtrue\u00bb css=\u00bb.vc_custom_1755918720937{border-left-width: 50px !important;padding-right: 50px !important;}\u00bb][vc_column_text css=\u00bb\u00bb] En 2015 dimos nuestro primer paso en el mundo inmobiliario con la adquisici\u00f3n de nuestra primera propiedad. Desde entonces, ZOTZ CAPITAL ha evolucionado de forma sostenida, consolid\u00e1ndose como una empresa s\u00f3lida en fondos de [...]","og_url":"https:\/\/zotzcapital.com\/index.php\/zotz-capital\/","og_site_name":"Zotz Capital","article_modified_time":"2025-09-04T16:26:11+00:00","twitter_card":"summary_large_image","twitter_misc":{"Tiempo de lectura":"3 minutos"},"schema":{"@context":"https:\/\/schema.org","@graph":[{"@type":"WebPage","@id":"https:\/\/zotzcapital.com\/index.php\/zotz-capital\/","url":"https:\/\/zotzcapital.com\/index.php\/zotz-capital\/","name":"Zotz capital - Zotz Capital","isPartOf":{"@id":"https:\/\/zotzcapital.com\/#website"},"datePublished":"2019-02-13T05:56:32+00:00","dateModified":"2025-09-04T16:26:11+00:00","breadcrumb":{"@id":"https:\/\/zotzcapital.com\/index.php\/zotz-capital\/#breadcrumb"},"inLanguage":"es","potentialAction":[{"@type":"ReadAction","target":["https:\/\/zotzcapital.com\/index.php\/zotz-capital\/"]}]},{"@type":"BreadcrumbList","@id":"https:\/\/zotzcapital.com\/index.php\/zotz-capital\/#breadcrumb","itemListElement":[{"@type":"ListItem","position":1,"name":"Portada","item":"https:\/\/zotzcapital.com\/"},{"@type":"ListItem","position":2,"name":"Zotz capital"}]},{"@type":"WebSite","@id":"https:\/\/zotzcapital.com\/#website","url":"https:\/\/zotzcapital.com\/","name":"Zotz Capital","description":"","potentialAction":[{"@type":"SearchAction","target":{"@type":"EntryPoint","urlTemplate":"https:\/\/zotzcapital.com\/?s={search_term_string}"},"query-input":{"@type":"PropertyValueSpecification","valueRequired":true,"valueName":"search_term_string"}}],"inLanguage":"es"}]}},"_links":{"self":[{"href":"https:\/\/zotzcapital.com\/index.php\/wp-json\/wp\/v2\/pages\/189","targetHints":{"allow":["GET"]}}],"collection":[{"href":"https:\/\/zotzcapital.com\/index.php\/wp-json\/wp\/v2\/pages"}],"about":[{"href":"https:\/\/zotzcapital.com\/index.php\/wp-json\/wp\/v2\/types\/page"}],"author":[{"embeddable":true,"href":"https:\/\/zotzcapital.com\/index.php\/wp-json\/wp\/v2\/users\/1"}],"replies":[{"embeddable":true,"href":"https:\/\/zotzcapital.com\/index.php\/wp-json\/wp\/v2\/comments?post=189"}],"version-history":[{"count":31,"href":"https:\/\/zotzcapital.com\/index.php\/wp-json\/wp\/v2\/pages\/189\/revisions"}],"predecessor-version":[{"id":941,"href":"https:\/\/zotzcapital.com\/index.php\/wp-json\/wp\/v2\/pages\/189\/revisions\/941"}],"wp:attachment":[{"href":"https:\/\/zotzcapital.com\/index.php\/wp-json\/wp\/v2\/media?parent=189"}],"curies":[{"name":"wp","href":"https:\/\/api.w.org\/{rel}","templated":true}]}}